{"id":87,"date":"2017-11-14T09:36:09","date_gmt":"2017-11-14T09:36:09","guid":{"rendered":"https:\/\/demo-storage.com\/pm\/wp\/aurel\/dark\/?page_id=87"},"modified":"2025-11-01T13:04:11","modified_gmt":"2025-11-01T13:04:11","slug":"website-is-coming-soon","status":"publish","type":"page","link":"https:\/\/patscheralm.com\/","title":{"rendered":"Willkommen auf der Patscher Alm"},"content":{"rendered":"<p><strong>Der Almsommer ist zu Ende und wir haben seit dem 1.11. geschlossen!&nbsp;<\/strong><\/p>\n<p><strong>Wir bedanken uns f\u00fcr alle treuen G\u00e4ste f\u00fcr die wunderbare Sommersaison und tollen Begegnungen und freuen uns schon euch gesund und munter im Dezember wieder begr\u00fc\u00dfen zu d\u00fcrfen.<\/strong><\/p>\n<p><strong>Heidi, Klara und Calli<\/strong><\/p>\n<p><img loading=\"lazy\" class=\"alignnone wp-image-11867 size-full\" src=\"https:\/\/patscheralm.com\/wp-content\/uploads\/2025\/11\/DSC01100kl.jpg\" alt=\"\" width=\"2560\" height=\"1440\" srcset=\"https:\/\/patscheralm.com\/wp-content\/uploads\/2025\/11\/DSC01100kl.jpg 2560w, https:\/\/patscheralm.com\/wp-content\/uploads\/2025\/11\/DSC01100kl-300x169.jpg 300w, https:\/\/patscheralm.com\/wp-content\/uploads\/2025\/11\/DSC01100kl-1024x576.jpg 1024w, https:\/\/patscheralm.com\/wp-content\/uploads\/2025\/11\/DSC01100kl-768x432.jpg 768w, https:\/\/patscheralm.com\/wp-content\/uploads\/2025\/11\/DSC01100kl-1536x864.jpg 1536w, https:\/\/patscheralm.com\/wp-content\/uploads\/2025\/11\/DSC01100kl-2048x1152.jpg 2048w, https:\/\/patscheralm.com\/wp-content\/uploads\/2025\/11\/DSC01100kl-1400x788.jpg 1400w, https:\/\/patscheralm.com\/wp-content\/uploads\/2025\/11\/DSC01100kl-800x450.jpg 800w\" sizes=\"(max-width: 2560px) 100vw, 2560px\" \/><\/p>\n","protected":false},"excerpt":{"rendered":"<p>Der Almsommer ist zu Ende und wir haben seit dem 1.11. geschlossen!&nbsp; Wir bedanken uns f\u00fcr alle treuen G\u00e4ste f\u00fcr die wunderbare Sommersaison und tollen Begegnungen und freuen uns schon euch gesund und munter im Dezember wieder begr\u00fc\u00dfen zu d\u00fcrfen. Heidi, Klara und Calli<\/p>\n","protected":false},"author":1,"featured_media":2177,"parent":0,"menu_order":0,"comment_status":"closed","ping_status":"closed","template":"","meta":{"ngg_post_thumbnail":0},"aioseo_notices":[],"_links":{"self":[{"href":"https:\/\/patscheralm.com\/index.php?rest_route=\/wp\/v2\/pages\/87"}],"collection":[{"href":"https:\/\/patscheralm.com\/index.php?rest_route=\/wp\/v2\/pages"}],"about":[{"href":"https:\/\/patscheralm.com\/index.php?rest_route=\/wp\/v2\/types\/page"}],"author":[{"embeddable":true,"href":"https:\/\/patscheralm.com\/index.php?rest_route=\/wp\/v2\/users\/1"}],"replies":[{"embeddable":true,"href":"https:\/\/patscheralm.com\/index.php?rest_route=%2Fwp%2Fv2%2Fcomments&post=87"}],"version-history":[{"count":31,"href":"https:\/\/patscheralm.com\/index.php?rest_route=\/wp\/v2\/pages\/87\/revisions"}],"predecessor-version":[{"id":11871,"href":"https:\/\/patscheralm.com\/index.php?rest_route=\/wp\/v2\/pages\/87\/revisions\/11871"}],"wp:featuredmedia":[{"embeddable":true,"href":"https:\/\/patscheralm.com\/index.php?rest_route=\/wp\/v2\/media\/2177"}],"wp:attachment":[{"href":"https:\/\/patscheralm.com\/index.php?rest_route=%2Fwp%2Fv2%2Fmedia&parent=87"}],"curies":[{"name":"wp","href":"https:\/\/api.w.org\/{rel}","templated":true}]}}

<p><strong>Der Almsommer ist zu Ende und wir haben seit dem 1.11. geschlossen!&nbsp;</strong></p>
<p><strong>Wir bedanken uns für alle treuen Gäste für die wunderbare Sommersaison und tollen Begegnungen und freuen uns schon euch gesund und munter im Dezember wieder begrüßen zu dürfen.</strong></p>
<p><strong>Heidi, Klara und Calli</strong></p>
<p><img loading="lazy" class="alignnone wp-image-11867 size-full" src="https://patscheralm.com/wp-content/uploads/2025/11/DSC01100kl.jpg" alt="" width="2560" height="1440" srcset="https://patscheralm.com/wp-content/uploads/2025/11/DSC01100kl.jpg 2560w, https://patscheralm.com/wp-content/uploads/2025/11/DSC01100kl-300x169.jpg 300w, https://patscheralm.com/wp-content/uploads/2025/11/DSC01100kl-1024x576.jpg 1024w, https://patscheralm.com/wp-content/uploads/2025/11/DSC01100kl-768x432.jpg 768w, https://patscheralm.com/wp-content/uploads/2025/11/DSC01100kl-1536x864.jpg 1536w, https://patscheralm.com/wp-content/uploads/2025/11/DSC01100kl-2048x1152.jpg 2048w, https://patscheralm.com/wp-content/uploads/2025/11/DSC01100kl-1400x788.jpg 1400w, https://patscheralm.com/wp-content/uploads/2025/11/DSC01100kl-800x450.jpg 800w" sizes="(max-width: 2560px) 100vw, 2560px" /></p>

<p>Der Almsommer ist zu Ende und wir haben seit dem 1.11. geschlossen!&nbsp; Wir bedanken uns für alle treuen Gäste für die wunderbare Sommersaison und tollen Begegnungen und freuen uns schon euch gesund und munter im Dezember wieder begrüßen zu dürfen. Heidi, Klara und Calli</p>
